{"id":221,"date":"2025-11-20T11:53:49","date_gmt":"2025-11-20T10:53:49","guid":{"rendered":"https:\/\/croixblanche60.fr\/www1\/?page_id=221"},"modified":"2025-11-20T11:53:49","modified_gmt":"2025-11-20T10:53:49","slug":"mentions-legales","status":"publish","type":"page","link":"https:\/\/croixblanche60.fr\/www1\/mentions-legales\/","title":{"rendered":"Mentions l\u00e9gales"},"content":{"rendered":"\n<h1 class=\"wp-block-heading\">Identit\u00e9 :<\/h1>\n\n\n\n<p><strong>Association des Secouristes Fran\u00e7ais Croix Blanche de l&rsquo;Oise<\/strong><\/p>\n\n\n\n<p>Association r\u00e9gie par la loi de 1901 \u2013 N\u00b0 W603000713<br>N\u00b0 SIRET 494 843 196 00010 \u2013 Code APE :&nbsp;9499 Z<br>AGREMENT DE SECURITE CIVILE PAR ARRETE DU 17 SEPTEMBRE 2018&nbsp;NOR: INTE1825052A<br>Centre de formation&nbsp;: \u00ab&nbsp;d\u00e9claration d\u2019activit\u00e9 enregistr\u00e9e sous le num\u00e9ro 22 60 02294 60 aupr\u00e8s de la r\u00e9gion de Picardie&nbsp;\u00bb<\/p>\n\n\n\n<h2 class=\"wp-block-heading\">Si\u00e8ge Social :<\/h2>\n\n\n\n<p>A la Mairie<br>15 rue de l&rsquo;H\u00f4tel de ville<br>60190 Estr\u00e9es Saint Denis<br>France<\/p>\n\n\n\n<h2 class=\"wp-block-heading\">Par courrier :<\/h2>\n\n\n\n<p>M. C\u00e9dric MEYER Pr\u00e9sident de l&rsquo;association<br>67 rue Carnot<br>60200 Compi\u00e8gne<br>France<\/p>\n\n\n\n<h1 class=\"wp-block-heading\">LOI DU 6 JANVIER 1978 RELATIVE \u00c0 L&rsquo;INFORMATIQUE ET AUX LIBERT\u00c9S<\/h1>\n\n\n\n<p>Conform\u00e9ment \u00e0 la loi n\u00b0 78-17 du 6 janvier 1978, vous pouvez \u00e0 tout moment acc\u00e9der aux informations personnelles vous concernant et d\u00e9tenues par les Secouristes Fran\u00e7ais Croix Blanche de l&rsquo;Oise, demander leur modification ou leur suppression (en nous contactant via la rubrique CONTACT de ce site). Ainsi, vous pouvez, \u00e0 titre irr\u00e9vocable, demander que soient rectifi\u00e9es, compl\u00e9t\u00e9es, clarifi\u00e9es, mises \u00e0 jour ou effac\u00e9es les informations vous concernant qui sont inexactes, incompl\u00e8tes, \u00e9quivoques, p\u00e9rim\u00e9es ou dont la collecte ou l&rsquo;utilisation, la communication ou la conservation est interdite.<\/p>\n\n\n\n<h1 class=\"wp-block-heading\">LOI DU 1ER AO\u00dbT 2000 RELATIVE \u00c0 LA LIBERT\u00c9 DE COMMUNICATION (MODIFIANT LA LOI DU 30 SEPTEMBRE 1986) :<\/h1>\n\n\n\n<p>La conception, la r\u00e9alisation du site Internet&nbsp;<a href=\"http:\/\/www.croixblanche60.fr\">www.croixblanche60.fr<\/a>&nbsp;est \u00e9dit\u00e9 par les Secouristes Fran\u00e7ais Croix Blanche de l&rsquo;Oise.<br>L&rsquo;h\u00e9bergement de ce site Internet est assur\u00e9 par la soci\u00e9t\u00e9 <a href=\"https:\/\/www.ovh.com\/fr\/\">OVH<\/a> (H\u00e9bergement internet, r\u00e9f\u00e9rencement internet), domicili\u00e9e \u00e0 2 rue Kellermann &#8211; 59100 Roubaix &#8211; France.<\/p>\n\n\n\n<h1 class=\"wp-block-heading\">RECUEIL D&rsquo;INFORMATIONS \u00c0 CARACT\u00c8RE NOMINATIF<\/h1>\n\n\n\n<p>En vertu de la loi informatique et libert\u00e9s du 6 janvier 1978, nous vous informons que les donn\u00e9es \u00e0 caract\u00e8re nominatif recueillies aupr\u00e8s des internautes par l&rsquo;interm\u00e9diaire d&rsquo;un formulaire sur&nbsp;<a href=\"http:\/\/www.croixblanche60.fr\">www.croixblanche60.fr<\/a>&nbsp;ne sauraient, en aucun cas, \u00eatre transmises, \u00e0 titre gratuit ou on\u00e9reux, \u00e0 des tiers personnes physiques ou morales.<\/p>\n\n\n\n<h1 class=\"wp-block-heading\">TITULARIT\u00c9 DES DROITS<\/h1>\n\n\n\n<p>Tous les \u00e9l\u00e9ments de ce site Internet (notamment les marques d\u00e9pos\u00e9es, noms de domaine, les textes, graphismes, logos, sons, photos et animations) sont la propri\u00e9t\u00e9 des \u00e9diteurs de ce site et notament de la F\u00e9d\u00e9ration des Secouristes Fran\u00e7ais Croix Blanche, \u00e0 l&rsquo;exclusion des \u00e9l\u00e9ments \u00e9manant de partenaires de La croix Blanche.<br>La protection du site&nbsp;<a href=\"http:\/\/www.croixblanche60.fr\">www.croixblanche60.fr<\/a>&nbsp;rel\u00e8ve, par cons\u00e9quent, des l\u00e9gislations nationales et internationales relatives au droit de la propri\u00e9t\u00e9 intellectuelle.<br>D\u00e8s lors, toute reproduction et\/ou repr\u00e9sentation et\/ou rediffusion, en tout ou partie, sur tout support \u00e9lectronique ou non, pr\u00e9sent ou futur, sont interdites sauf autorisation expresse et pr\u00e9alable.<br>Le non-respect de cette interdiction est susceptible de constituer un acte de contrefa\u00e7on engageant les responsabilit\u00e9s civile et p\u00e9nale de tout contrevenant.<br>De m\u00eame, les bases de donn\u00e9es d&rsquo;informations sont prot\u00e9g\u00e9es au titre du droit applicable aux compilations de donn\u00e9es. De sorte que toute extraction ou tentative d&rsquo;extraction, fut-elle totale ou partielle, est susceptible d&rsquo;engager les responsabilit\u00e9s civile et p\u00e9nale de tout contrevenant.<\/p>\n\n\n\n<h1 class=\"wp-block-heading\">Cr\u00e9dits<\/h1>\n\n\n\n<p>Conception et production&nbsp;:<\/p>\n\n\n\n<p>Le site Internet \u00e0 \u00e9t\u00e9 cr\u00e9\u00e9e \u00e0 l&rsquo;aide du logiciel\u00a0WordPress.<\/p>\n\n\n\n<p>L&rsquo;ensemble de ce site rel\u00e8ve des l\u00e9gislations fran\u00e7aises et internationales sur le droit d&rsquo;auteur et la propri\u00e9t\u00e9 intellectuelle. Nous vous informons que toute reproduction ou repr\u00e9sentation totale ou partielle, par quelque proc\u00e9d\u00e9 que ce soit, de ce site, des logos, des images et des sons pouvant y figurer est interdite sans l\u2019autorisation expresse de l&rsquo;association des Secouristes Fran\u00e7ais Croix Blanche de l&rsquo;Oise et constituerait une contrefa\u00e7on sanctionn\u00e9e par les articles L 335-2 et suivants du Code de la propri\u00e9t\u00e9 intellectuelle.<\/p>\n\n\n\n<p>Directeur de la publication :&nbsp;M. C\u00e9dric MEYER (Pr\u00e9sident de l&rsquo;association)<\/p>\n\n\n\n<p>T\u00e9l\u00e9phone :&nbsp;+33 9 72 35 35 22 \/&nbsp;Portable :&nbsp;+33 6 64 14 39 64<\/p>\n\n\n\n<p>H\u00e9bergeur :&nbsp;OVH SAS &#8211;&nbsp;2 rue Kellermann &#8211; 59100 Roubaix &#8211; France<\/p>\n\n\n\n<p>Communication :\u00a0C\u00e9dric MEYER<\/p>\n\n\n\n<h1 class=\"wp-block-heading\">CREDITS PHOTOS:<\/h1>\n\n\n\n<p>Secouristes Fran\u00e7ais Croix Blanche. Les visuels pr\u00e9sents sur ce site sont soumis \u00e0 copyright. Leur utilisation est interdite sans accord de leur auteur.<\/p>\n\n\n\n<h1 class=\"wp-block-heading\">MISE EN PLACE DE LIENS HYPERTEXTES<\/h1>\n\n\n\n<p>Nous vous informons que autorise tout site Internet ou tout autre support \u00e0 citer&nbsp;<a href=\"http:\/\/www.croixblanche60.fr\">www.croixblanche60.fr<\/a>&nbsp;ou \u00e0 mettre en place un lien hypertexte pointant vers l&rsquo;adresse&nbsp;<a href=\"http:\/\/www.croixblanche60.fr\">www.croixblanche60.fr<\/a><br>L&rsquo;autorisation de mise en place d&rsquo;un lien est valable pour tout support, \u00e0 l&rsquo;exception de ceux diffusant des informations \u00e0 caract\u00e8re politique, religieux, pornographique, x\u00e9nophobe ou pouvant porter atteinte \u00e0 la sensibilit\u00e9 du plus grand nombre.<br>Au titre de cette autorisation, notre \u00e9quipe se r\u00e9serve un droit d&rsquo;opposition.<br>En outre, dans le cadre de la mise en place d&rsquo;un lien hypertexte sur votre site, nous vous accordons \u00e9galement le droit de reproduire notre logo dans la seule limite de la mise en place dudit lien et du r\u00e9f\u00e9rencement de La croix Blanche. A ce titre, le format et la charte du logo devront \u00eatre respect\u00e9s.<\/p>\n","protected":false},"excerpt":{"rendered":"<p>Identit\u00e9 : Association des Secouristes Fran\u00e7ais Croix Blanche de l&rsquo;Oise Association r\u00e9gie par la loi de 1901 \u2013 N\u00b0 W603000713N\u00b0 SIRET 494 843 196 00010&hellip;<\/p>\n","protected":false},"author":1,"featured_media":0,"parent":0,"menu_order":0,"comment_status":"closed","ping_status":"closed","template":"","meta":{"footnotes":""},"class_list":["post-221","page","type-page","status-publish","hentry"],"_links":{"self":[{"href":"https:\/\/croixblanche60.fr\/www1\/wp-json\/wp\/v2\/pages\/221","targetHints":{"allow":["GET"]}}],"collection":[{"href":"https:\/\/croixblanche60.fr\/www1\/wp-json\/wp\/v2\/pages"}],"about":[{"href":"https:\/\/croixblanche60.fr\/www1\/wp-json\/wp\/v2\/types\/page"}],"author":[{"embeddable":true,"href":"https:\/\/croixblanche60.fr\/www1\/wp-json\/wp\/v2\/users\/1"}],"replies":[{"embeddable":true,"href":"https:\/\/croixblanche60.fr\/www1\/wp-json\/wp\/v2\/comments?post=221"}],"version-history":[{"count":1,"href":"https:\/\/croixblanche60.fr\/www1\/wp-json\/wp\/v2\/pages\/221\/revisions"}],"predecessor-version":[{"id":222,"href":"https:\/\/croixblanche60.fr\/www1\/wp-json\/wp\/v2\/pages\/221\/revisions\/222"}],"wp:attachment":[{"href":"https:\/\/croixblanche60.fr\/www1\/wp-json\/wp\/v2\/media?parent=221"}],"curies":[{"name":"wp","href":"https:\/\/api.w.org\/{rel}","templated":true}]}}